. Is o(k) composite?
True
Let g be ((-440)/(-12))/(1/(-12)). Let i = 867 + g. Is i composite?
True
Let o be (-4 - 0) + 0 + 2. Suppose -1 = -m + 1. Is m/o + 33/3 composite?
True
Suppose 2 = -f + 8. Let n be 9/(-6)*16/f. Let b = 23 + n. Is b a composite number?
False
Let l be (4 + 1)*278/10. Suppose -3*g - 9 = -3*r, -2*r - 4*g + 0 + 30 = 0. Suppose q - 3*d = l, -q + 2*d = r*d - 107. Is q composite?
False
Let h(c) = 135*c - 2. Is h(5) a prime number?
True
Let g(f) = 341*f**2 - 2*f. Is g(1) a prime number?
False
Let g be (5/(-5))/((-1)/2). Suppose -u - 87 = -g*u. Is u a prime number?
False
Let j = -2 - -4. Suppose -4*i + 12 = h - 31, 0 = 4*h + j*i - 130. Is h a composite number?
False
Let z be 862/(-8)*-6*2. Suppose -z = -3*l + 18. Suppose 4*n = -5*b + l, 4*b - 120 = -n + 223. Is b a composite number?
True
Let d(n) = n**3 - 2*n**2 + 2*n. Let h be d(2). Suppose b = h*b - 15. Suppose b*y - 2*i = 253, -74 = 5*y + i - 315. Is y a composite number?
True
Let i(p) = -54*p - 3. Let q be i(-2). Let n = q - 70. Is n prime?
False
Suppose 579 = -5*o + 1604. Is o a composite number?
True
Let l(i) = 5*i - 6. Let q be l(10). Let n be q + -3 + (0 - 2). Suppose 0 = -2*h - 11 + n. Is h prime?
False
Let k(j) = -j**2 + 4*j - 1. Let f be k(2). Suppose -4*x - x - 5*m = -1185, -f*x = -5*m - 687. Suppose -x = 5*q - 659. Is q a prime number?
False
Let x(p) = p**3 - 4*p**2 + 3*p - 6. Let w be x(4). Is 24 + (w/(-2) - -2) a prime number?
True
Suppose -3*n + 149 = -4*n. Let t = n + 216. Is t prime?
True
Let s(z) = 23*z**2 - 1. Is s(-1) a composite number?
True
Is ((-4460)/6)/(6/(-36)*4) a prime number?
False
Suppose w + 2*o - 89 = 0, 3*w - 7 - 238 = 5*o. Suppose -20 + w = b. Is b composite?
True
Suppose 2*o + 1561 = 381. Is -1*(0 + 3 + o) composite?
False
Let v be (8/10)/(2/(-10)). Is -1 - (v*23 + 2) composite?
False
Let q = 235 + -129. Suppose -279 = -5*j - 0*i - 2*i, -2*j = -2*i - q. Is j a prime number?
False
Suppose 0 = -6*v + 12. Suppose -2*f + 675 + 75 = 2*d, 0 = d - v. Is f composite?
False
Suppose 16*t + 2836 = 18*t. Is t prime?
False
Suppose -3*r - 294 = -6*r. Suppose b + 36 = r. Is b a composite number?
True
Let z(v) = -3*v + 2. Let k be z(-2). Suppose s - k = 3*s. Is 15 + 0 - s/(-4) prime?
False
Let d(t) = t**2 - t + 17. Let v be d(0). Suppose -5*c + 3*a = -4*c + 5, -a - v = -5*c. Suppose -1 + 7 = 2*p + 2*q, c*q = 3*p - 37. Is p a composite number?
False
Is 1082/(15/(-25) - -1) a prime number?
False
Let w(h) = -h**3 - 8*h**2. Let g be w(-8). Let r = 176 - -36. Suppose g*u - 4*u = -r. Is u prime?
True
Suppose 3*v - 4*g = -3342, -2*g + 401 - 1505 = v. Is 10/(-35) + v/(-14) a prime number?
True
Let f = 1 - -346. Is f composite?
False
Suppose -3016 = -5*k + 189. Is k composite?
False
Let r be (-10)/(-25) + 16/10. Suppose 178 = 5*y - 2*y - i, -5*y + r*i + 297 = 0. Is y a composite number?
False
Let s = 217 - 146. Let b = s - 6. Is b composite?
True
Suppose 0 = -3*q - 4*q + 7763. Is q composite?
False
Let o(r) = -27*r**3 - r. Let l be o(2). Let x = -59 - l. Let g = x + -112. Is g composite?
False
Let i(k) be the first derivative of 19*k**2/2 - 4*k - 4. Is i(5) a prime number?
False
Let s be (-169)/(-26)*2*1. Suppose -2*o + 4 = 0, 4*o = l - o + 10. Suppose d - 44 + s = l. Is d a prime number?
True
Let b = -376 + 641. Is b a composite number?
True
Let w(r) = r**2 - 6*r - 11. Let p be w(8). Suppose 0 = p*i + 188 - 1143. Is i a composite number?
False
Suppose -3*p + 38 = -2*n, -6*p + 53 = -2*p - 5*n. Let f be p/5 + (-12)/(-20). Suppose 0 = 5*q + 4*z - 103, 0 = -3*q - f*z - 0*z + 63. Is q prime?
True
Let l(m) = -m**2 - 6*m + 7 + 3*m + 8*m. Is l(5) a composite number?
False
Suppose o + 5*j - 829 = -3*o, -9 = 3*j. Is o prime?
True
Let l = 138 + 419. Is l prime?
True
Suppose 2*b = 2*i - i + 5, -5*b = -3*i - 11. Let c(a) = a**i + a + 2*a - 5*a**2 - a - 2. Is c(6) prime?
False
Let l(r) = -r**2 + r - 60. Let q be l(0). Let s = q + 209. Is s prime?
True
Suppose -3*i = -c + 71, 0 = 2*c + 4*i + i - 186. Is c a prime number?
True
Let f(c) = c - 2. Let h be f(4). Let p(g) = 19*g - 1. Is p(h) composite?
False
Suppose -13*m + 78154 - 25517 = 0. Is m a prime number?
True
Suppose 2*d - 107 = -4*s - d, -2 = s - 5*d. Is s composite?
False
Let h(p) = p**2 - 2*p + 3. Let f be h(2). Suppose m + m + 4*t = 52, 0 = 2*m - f*t - 59. Let g = 39 + m. Is g a prime number?
True
Let i = -17 - -45. Let a = 66 - i. Is a composite?
True
Let s = 4 - 5. Let j be s/6 - 1235/(-30). Let p = j + -22. Is p a composite number?
False
Let p be 3/12 - 45/(-12). Suppose -2*h = p, -5*b - 3*h + 1004 = -0*h. Is b composite?
True
Let o(h) = -2*h**3 - 7*h**2 - 10*h + 5. Let t(j) = j**3 + 1. Let c(l) = o(l) + 4*t(l). Is c(6) prime?
False
Suppose -2*l + 1120 = -3*m, l + 3*m - 563 = 6*m. Is l a composite number?
False
Let l(v) = v**2 + 3*v - 11. Is l(10) a composite number?
True
Suppose -240 = -4*g - m, -2*m + 275 = 5*g - 7*m. Is g composite?
False
Let s(k) = -k**2 - k - 99. Let f be s(0). Let y = f - -158. Is y a prime number?
True
Suppose 1714 = 5*f + 399. Is f composite?
False
Suppose 0 = s - 3*s + 42. Let f(t) = -t**3 + 3*t**2 + 4*t - 2. Let q be f(4). Is q/(-7) + 1779/s composite?
True
Let c = 7 - 7. Suppose 3*f + c*h = -2*h + 1097, -4*f = 4*h - 1464. Is f composite?
True
Is (-1 + (-56)/6)*-3 composite?
False
Suppose 2*c = -2*c + 68. Let l = c - 6. Let v = 42 - l. Is v a prime number?
True
Is (-560)/32*(0 - 2) a composite number?
True
Let v be (2 + -3)/1*-1110. Is ((-2)/3)/((-4)/v) a composite number?
True
Let a(y) = -y + 20. Let i be a(10). Suppose j - 3 = 5*w - 4*w, 0 = -2*j + w + i. Is j composite?
False
Is 3/(-5) - (-13428)/30 a composite number?
True
Let c = 399 - -232. Is c a composite number?
False
Let h(b) = 3*b**2 - b - 4. Let v be h(3). Suppose 4*w = v, -4*n + 2*w + 341 = 7*w. Is n a prime number?
True
Suppose 5*i - 512 - 463 = 0. Suppose -5*t + 234 = 2*s, 0 = -2*s - 2*t + 51 + i. Is s a composite number?
False
Let c(o) = o**2 - 10*o + 9. Let b be c(9). Suppose 4*s + 3*n - 830 = 0, 3*s + b*n - 3*n - 633 = 0. Is s a composite number?
True
Suppose -m + 2859 - 446 = 0. Is m a composite number?
True
Is 197 + 4 + 0 + -2 composite?
False
Suppose -4*s - s = 0. Suppose -1467 = -4*q + 7*k - 2*k, s = -2*q - k + 751. Is q a composite number?
False
Suppose 4*y = -6*y + 2540. Is y a composite number?
True
Suppose -2*y = -3*j - 397, 0 = -0*y - 2*y - 4*j + 418. Is y prime?
False
Let s(o) = 2*o**3 - o. Let b be s(-1). Is (-35)/3*(-2 + b) composite?
True
Let g be (-1 - -2) + -25 + 0. Let b = -37 - g. Let m = b - -28. Is m a composite number?
True
Suppose 16 = -4*h + 8*h, 2*h - 200 = -2*k. Suppose 4*o = 4*z + 56, -3*z + 7*z = -4*o + k. Is o a prime number?
True
Is (-2 + -1)/((-27)/2601) composite?
True
Let m(y) be the third derivative of y**4/8 - y**3 + 3*y**2. Is m(7) a prime number?
False
Let v be ((-120)/50)/((-6)/220). Let m be (-49)/(1 + (2 - 2)). Let s = v + m. Is s prime?
False
Let t(h) = 2*h. Let w be t(1). Suppose 0 = -w*j - 6, 5*p - j - j = 76. Is p prime?
False
Let c = 1436 - 951. Is c composite?
True
Suppose 4*o + x - 607 = 399, 3*o - 749 = 2*x. Is o composite?
False
Let q = 80 + 111. Is q composite?
False
Let b(f) = 4*f**3 + 3*f**2 - f - 1. Let y be (-9)/(-3)*(0 - -1). Is b(y) composite?
False
Let c = -663 - -335. Let j = 551 + c. Is j composite?
False
Let i be (-2)/(2/(4/(-1))). Suppose -i*j = j - 370. Is j a composite number?
True
Let t(a) = 372*a**2 + 2*a + 1. Suppose -3*m = -2*m + 1. Is t(m) a composite number?
True
Let i(a) = -a**2 + 9*a + 1. Let x(h) = -h + 15. Let d be x(8). Let r = d + -1. Is i(r) a composite number?
False
Suppose -3*t + 2*v - 226 - 52 = 0, -3*t - 3*v = 303. Suppose -5*f = 2*h - 0*h - 235, 0 = 4*f - 2*h - 206. Let g = f - t. Is g a composite number?
True
Let y = -11 - -5. Let n = 3 + y. Let c(i) = -i**2 - 4*i - 1. Is c(n) a composite number?
False
Suppose 3*y - 2*r + 20 = -2*y, -5*y - 55 = 5*r. Let d(z) = z + 4. Let f be d(y). Is 1 + f + 0 + 110 prime?
True
Suppose -5*p + 0*p = -23915. Is p a prime number?
True
Let y(m) = 1 + 1 - 1 - m**2 + 8*m. Let f be y(8). Suppose 4*b + 2*z - 322 = 0, -3*b + f = -z - 253. Is b a composite number?
False
Suppose 5*h = 5*f - 8671 - 13829, -f + 4498 = h. Is f composite?
True
Let t be 650/(-15)*(-12)/10. Suppose 5*k - t = k. Suppose -g + k = -18. Is g a co